{"id":890,"date":"2018-06-28T17:29:18","date_gmt":"2018-06-28T20:29:18","guid":{"rendered":"https:\/\/ies7-juj.infd.edu.ar\/sitio\/departamento-de-formacion-inicial\/"},"modified":"2022-04-29T12:44:33","modified_gmt":"2022-04-29T15:44:33","slug":"departamento-de-formacion-inicial","status":"publish","type":"page","link":"https:\/\/ies7-juj.infd.edu.ar\/sitio\/departamento-de-formacion-inicial\/","title":{"rendered":"Departamento de Formaci\u00f3n Inicial"},"content":{"rendered":"<p style=\"text-align: justify;\"><span style=\"font-family: book antiqua,palatino; font-size: 12pt;\">Es el encargado de acompa\u00f1ar la gesti\u00f3n curricular (de las distintas ofertas formativas del instituto) en todas sus etapas, promoviendo la representaci\u00f3n del \u00abacto de formaci\u00f3n\u00bb, bajo la perspectiva de una acci\u00f3n reflexiva, colectiva y cooperativa.<\/span><\/p>\n<p style=\"text-align: justify;\"><span style=\"font-family: book antiqua,palatino; font-size: 12pt;\">Est\u00e1 conformado por\u00a0 la Coordinadora de Departamento, los Coordinadores de carrera y Profesores de la Instituci\u00f3n.<\/span><\/p>\n<p style=\"text-align: center;\"><strong><span style=\"font-family: book antiqua,palatino; font-size: 12pt;\"><span style=\"text-decoration: underline; color: #003300;\">Asesora Pedag\u00f3gica:<\/span> <span style=\"color: #000000;\">Lic. Laura Mar\u00eda Fernanda Bellido<\/span><\/span><\/strong><\/p>\n<p style=\"text-align: center;\"><strong><span style=\"font-family: book antiqua,palatino; font-size: 12pt;\"><span style=\"text-decoration: underline;\"><span style=\"color: #003300; text-decoration: underline;\">Coordinadora:<\/span> <\/span><span style=\"color: #000000;\">Prof. Silvana Palleres<\/span><br \/>\n<\/span><\/strong><\/p>\n<p class=\"Resaltado1\" style=\"text-align: center;\"><span style=\"text-decoration: underline; font-family: 'arial black', 'avant garde'; font-size: 14pt; color: #ffffff;\"><span style=\"text-decoration: underline;\"><strong>Horarios de Atenci\u00f3n 2016<\/strong><\/span><\/span><\/p>\n<p><img decoding=\"async\" style=\"display: block; margin-left: auto; margin-right: auto;\" src=\"https:\/\/ies7-juj.infd.edu.ar\/aula\/archivos\/repositorio\/\/250\/286\/correo10.gif\" border=\"0\" \/><\/p>\n<p style=\"text-align: center;\"><span style=\"color: #000080;\"><strong><span style=\"font-family: 'book antiqua', palatino; font-size: 14pt;\">dpto.forminicialies7@populorumjujuy.ar<\/span><\/strong><\/span><\/p>\n","protected":false},"excerpt":{"rendered":"<p>Es el encargado de acompa\u00f1ar la gesti\u00f3n curricular (de las distintas ofertas formativas del instituto) en todas sus etapas, promoviendo la representaci\u00f3n del \u00abacto de formaci\u00f3n\u00bb, bajo la perspectiva de una acci\u00f3n reflexiva, colectiva y cooperativa. Est\u00e1 conformado por\u00a0 la Coordinadora de Departamento, los Coordinadores de carrera y Profesores de la Instituci\u00f3n. Asesora Pedag\u00f3gica: Lic. &#8230; <a title=\"Departamento de Formaci\u00f3n Inicial\" class=\"read-more\" href=\"https:\/\/ies7-juj.infd.edu.ar\/sitio\/departamento-de-formacion-inicial\/\" aria-label=\"More on Departamento de Formaci\u00f3n Inicial\">[+]<\/a><\/p>\n","protected":false},"author":542,"featured_media":0,"parent":0,"menu_order":0,"comment_status":"closed","ping_status":"closed","template":"","meta":[],"acf":[],"_links":{"self":[{"href":"https:\/\/ies7-juj.infd.edu.ar\/sitio\/wp-json\/wp\/v2\/pages\/890"}],"collection":[{"href":"https:\/\/ies7-juj.infd.edu.ar\/sitio\/wp-json\/wp\/v2\/pages"}],"about":[{"href":"https:\/\/ies7-juj.infd.edu.ar\/sitio\/wp-json\/wp\/v2\/types\/page"}],"author":[{"embeddable":true,"href":"https:\/\/ies7-juj.infd.edu.ar\/sitio\/wp-json\/wp\/v2\/users\/542"}],"replies":[{"embeddable":true,"href":"https:\/\/ies7-juj.infd.edu.ar\/sitio\/wp-json\/wp\/v2\/comments?post=890"}],"version-history":[{"count":5,"href":"https:\/\/ies7-juj.infd.edu.ar\/sitio\/wp-json\/wp\/v2\/pages\/890\/revisions"}],"predecessor-version":[{"id":6280,"href":"https:\/\/ies7-juj.infd.edu.ar\/sitio\/wp-json\/wp\/v2\/pages\/890\/revisions\/6280"}],"wp:attachment":[{"href":"https:\/\/ies7-juj.infd.edu.ar\/sitio\/wp-json\/wp\/v2\/media?parent=890"}],"curies":[{"name":"wp","href":"https:\/\/api.w.org\/{rel}","templated":true}]}}

Departamento de Formación Inicial

<p style="text-align: justify;"><span style="font-family: book antiqua,palatino; font-size: 12pt;">Es el encargado de acompañar la gestión curricular (de las distintas ofertas formativas del instituto) en todas sus etapas, promoviendo la representación del «acto de formación», bajo la perspectiva de una acción reflexiva, colectiva y cooperativa.</span></p>
<p style="text-align: justify;"><span style="font-family: book antiqua,palatino; font-size: 12pt;">Está conformado por  la Coordinadora de Departamento, los Coordinadores de carrera y Profesores de la Institución.</span></p>
<p style="text-align: center;"><strong><span style="font-family: book antiqua,palatino; font-size: 12pt;"><span style="text-decoration: underline; color: #003300;">Asesora Pedagógica:</span> <span style="color: #000000;">Lic. Laura María Fernanda Bellido</span></span></strong></p>
<p style="text-align: center;"><strong><span style="font-family: book antiqua,palatino; font-size: 12pt;"><span style="text-decoration: underline;"><span style="color: #003300; text-decoration: underline;">Coordinadora:</span> </span><span style="color: #000000;">Prof. Silvana Palleres</span><br />
</span></strong></p>
<p class="Resaltado1" style="text-align: center;"><span style="text-decoration: underline; font-family: 'arial black', 'avant garde'; font-size: 14pt; color: #ffffff;"><span style="text-decoration: underline;"><strong>Horarios de Atención 2016</strong></span></span></p>
<p><img decoding="async" style="display: block; margin-left: auto; margin-right: auto;" src="https://ies7-juj.infd.edu.ar/aula/archivos/repositorio//250/286/correo10.gif" border="0" /></p>
<p style="text-align: center;"><span style="color: #000080;"><strong><span style="font-family: 'book antiqua', palatino; font-size: 14pt;">dpto.forminicialies7@populorumjujuy.ar</span></strong></span></p>

<p>Es el encargado de acompañar la gestión curricular (de las distintas ofertas formativas del instituto) en todas sus etapas, promoviendo la representación del «acto de formación», bajo la perspectiva de una acción reflexiva, colectiva y cooperativa. Está conformado por  la Coordinadora de Departamento, los Coordinadores de carrera y Profesores de la Institución. Asesora Pedagógica: Lic. &#8230; <a title="Departamento de Formación Inicial" class="read-more" href="https://ies7-juj.infd.edu.ar/sitio/departamento-de-formacion-inicial/" aria-label="More on Departamento de Formación Inicial">[+]</a></p>
