{"id":867,"date":"2018-06-28T17:29:08","date_gmt":"2018-06-28T20:29:08","guid":{"rendered":"https:\/\/ies7-juj.infd.edu.ar\/sitio\/departamento-alumnos\/"},"modified":"2024-09-19T13:23:43","modified_gmt":"2024-09-19T16:23:43","slug":"departamento-alumnos","status":"publish","type":"page","link":"https:\/\/ies7-juj.infd.edu.ar\/sitio\/departamento-alumnos\/","title":{"rendered":"Departamento Alumnos"},"content":{"rendered":"\n<p class=\"has-text-align-center\"><span style=\"font-family: book antiqua,palatino; font-size: 12pt;\"><span style=\"color: #000000;\"><strong><span style=\"text-decoration: underline;\">Responsable<\/span>:<\/strong><\/span>&nbsp;<\/span><\/p>\n\n\n\n<p class=\"has-text-align-center\"><span style=\"font-family: book antiqua, palatino; font-size: 12pt; color: #000000;\">Secretaria: Lic. Sandra Cisneros<\/span><\/p>\n\n\n\n<p class=\"has-text-align-center\"><span style=\"font-family: book antiqua, palatino; font-size: 12pt; color: #000000;\"><strong>Sector Seguimiento de Alumnos:<\/strong><\/span><\/p>\n\n\n\n<p class=\"has-text-align-center\"><span style=\"font-family: book antiqua, palatino; font-size: 12pt; color: #000000;\">Ubicaci\u00f3n: segundo piso<\/span><\/p>\n\n\n\n<div style=\"text-align: center;\">\n<p style=\"text-align: justify;\"><span style=\"font-family: book antiqua, palatino; font-size: 12pt; color: #000000;\">Los auxiliares del Sector atienden consultas, informan, asesoran y orientan a los estudiantes sobre cuestiones y tr\u00e1mites administrativos, como as\u00ed tambi\u00e9n sobre normativas vigentes.<\/span><\/p>\n<div class=\"UtePc RCETm yxgWrb\" dir=\"ltr\" role=\"main\" aria-hidden=\"false\">\n<section id=\"h.e8500c5ef793d7_3\" class=\"yaqOZd\">\n<div class=\"mYVXT\">\n<div class=\"LS81yb VICjCf\" tabindex=\"-1\">\n<div class=\"hJDwNd-AhqUyc-OiUrBf purZT-AhqUyc-II5mzb pSzOP-AhqUyc-qWD73c JNdkSc\">\n<div class=\"JNdkSc-SmKAyb\">\n<div class=\"\">\n<div class=\"oKdM2c Kzv0Me\">\n<div id=\"h.e8500c5ef793d7_0\" class=\"hJDwNd-AhqUyc-OiUrBf jXK9ad D2fZ2 OjCsFc wHaque GNzUNc\">\n<div class=\"jXK9ad-SmKAyb\">\n<div class=\"tyJCtd mGzaTb baZpAe\">\n<figure><img decoding=\"async\" loading=\"lazy\" class=\"alignnone wp-image-1225\" src=\"https:\/\/ies7-juj.infd.edu.ar\/sitio\/wp-content\/uploads\/2018\/09\/contacto-1000x287.png\" alt=\"\" width=\"505\" height=\"145\" srcset=\"https:\/\/ies7-juj.infd.edu.ar\/sitio\/wp-content\/uploads\/2018\/09\/contacto-1000x287.png 1000w, https:\/\/ies7-juj.infd.edu.ar\/sitio\/wp-content\/uploads\/2018\/09\/contacto-768x220.png 768w, https:\/\/ies7-juj.infd.edu.ar\/sitio\/wp-content\/uploads\/2018\/09\/contacto.png 1500w\" sizes=\"(max-width: 505px) 100vw, 505px\" \/><\/figure><div><\/div>\n<div class=\"CjVfdc\"><span style=\"color: #0000ff;\"><strong>dpto.alumnos@populorumjujuy.ar<\/strong><\/span><\/div>\n<\/div>\n<\/div>\n<\/div>\n<\/div>\n<\/div>\n<\/div>\n<\/div>\n<\/div>\n<\/div>\n<\/section>\n<\/div>\n<\/div>\n\n\n<div class=\"wp-block-image\">\n<figure class=\"aligncenter is-resized\"><img decoding=\"async\" loading=\"lazy\" src=\"https:\/\/ies7-juj.infd.edu.ar\/sitio\/wp-content\/uploads\/2023\/05\/pngwing.com_-1000x275.png\" alt=\"\" class=\"wp-image-9274\" width=\"284\" height=\"78\" srcset=\"https:\/\/ies7-juj.infd.edu.ar\/sitio\/wp-content\/uploads\/2023\/05\/pngwing.com_-1000x275.png 1000w, https:\/\/ies7-juj.infd.edu.ar\/sitio\/wp-content\/uploads\/2023\/05\/pngwing.com_-1900x522.png 1900w, https:\/\/ies7-juj.infd.edu.ar\/sitio\/wp-content\/uploads\/2023\/05\/pngwing.com_-768x211.png 768w, https:\/\/ies7-juj.infd.edu.ar\/sitio\/wp-content\/uploads\/2023\/05\/pngwing.com_-1536x422.png 1536w, https:\/\/ies7-juj.infd.edu.ar\/sitio\/wp-content\/uploads\/2023\/05\/pngwing.com_-2048x563.png 2048w\" sizes=\"(max-width: 284px) 100vw, 284px\" \/><\/figure><\/div>\n\n\n<p class=\"has-text-align-center\"><span style=\"text-decoration: underline;\"><span style=\"color: #000080; font-family: 'book antiqua', palatino; font-size: 14pt; text-decoration: underline;\"><strong>DEPARTAMENTO CERTIFICACIONES Y T\u00cdTULOS:<\/strong><\/span><\/span><\/p>\n\n\n\n<p class=\"has-text-align-center\"><span style=\"font-family: book antiqua, palatino; font-size: 12pt; color: #000000;\">Ubicaci\u00f3n: tercer piso<\/span><\/p>\n\n\n\n<p><span style=\"color: #000000;\">En este departamento se gestionan t\u00edtulos de alumnos de Casa Central y las dem\u00e1s filiales, como tambi\u00e9n la emisi\u00f3n de certificados anal\u00edticos y constancias de \u00faltima materia.<\/span><\/p>\n\n\n\n<p class=\"has-text-align-center\"><span style=\"text-decoration: underline; color: #ff0000;\"><strong>ATENCI\u00d3N<\/strong><\/span><\/p>\n\n\n\n<p><span style=\"color: #000000;\">Los alumnos que cursaron estudios en E.G.B. deben presentar copia de ese certificado m\u00e1s el t\u00edtulo de Polimodal.<\/span><\/p>\n\n\n\n<h3 class=\"wp-block-heading\"><span style=\"color: #000000;\"><strong><u>ENTREGA DE T\u00cdTULOS<\/u><\/strong><\/span><\/h3>\n\n\n\n<ul>\n<li><span style=\"color: #000000;\">Requisitos para retirar t\u00edtulos:<\/span><\/li>\n\n\n\n<li><span style=\"color: #000000;\">D.N.I.<\/span><\/li>\n\n\n\n<li><span style=\"color: #000000;\">Libre Deuda (solicitar en Tesorer\u00eda).<\/span><\/li>\n\n\n\n<li><span style=\"color: #000000;\">Libre Deuda de Biblioteca<\/span>&nbsp;&nbsp;<a href=\"https:\/\/ies7-juj.infd.edu.ar\/sitio\/solicitud-de-libre-deuda-biblioteca-monsenor-vergara\/\" target=\"_blank\" rel=\"noopener\">https:\/\/ies7-juj.infd.edu.ar\/sitio\/solicitud-de-libre-deuda-biblioteca-monsenor-vergara\/<\/a>&nbsp;<span style=\"color: #000000;\">(se solicita mediante el formulario y se retira al d\u00eda siguiente en Mesa de entrada de la Instituci\u00f3n).<\/span><\/li>\n\n\n\n<li><span style=\"color: #000000;\">El tr\u00e1mite es personal.<\/span><\/li>\n<\/ul>\n\n\n\n<p><span style=\"color: #000000;\">En caso de imposibilidad del egresado de presentarse a retirar, deber\u00e1 gestionar un Poder Especial ante Escribano P\u00fablico, indicando el nombre de la persona a la cual se le autoriza el retiro; quien deber\u00e1 presentarse con D.N.I., Libre deuda y Poder Especial (dicho Poder queda en el Archivo de la Instituci\u00f3n).<\/span><\/p>\n\n\n\n<ul>\n<li><span style=\"color: #000000;\">Antes de retirar el t\u00edtulo.<\/span>\n<ul>\n<li><span style=\"color: #000000;\">Verificar todos los datos personales.<\/span><\/li>\n\n\n\n<li><span style=\"color: #000000;\">Rubricar la recepci\u00f3n del mismo, aclarando e indicando N\u00famero de D.N.I., de tel\u00e9fono y fecha; todo esto en fotocopia del T\u00edtulo y en el Libro Matriz.<\/span><\/li>\n<\/ul>\n<\/li>\n\n\n\n<li><span style=\"color: #000000;\">Despu\u00e9s de retirar el t\u00edtulo.<\/span>\n<ul>\n<li><span style=\"color: #000000;\">No permitir firmas, sellados ni escrituras de otras instituciones, ni perforaciones, plastificados, etc. El t\u00edtulo debe permanecer en el mismo estado en que se entrega para no tener inconvenientes en legalizaciones futuras.<\/span><\/li>\n\n\n\n<li><span style=\"color: #000000;\">Cualquiera de los sucesos mencionados anteriormente, invalidar\u00e1 el t\u00edtulo, y en ese caso se deber\u00e1 solicitar otro ejemplar.<\/span><\/li>\n<\/ul>\n<\/li>\n<\/ul>\n","protected":false},"excerpt":{"rendered":"<p>Responsable:&nbsp; Secretaria: Lic. Sandra Cisneros Sector Seguimiento de Alumnos: Ubicaci\u00f3n: segundo piso Los auxiliares del Sector atienden consultas, informan, asesoran y orientan a los estudiantes sobre cuestiones y tr\u00e1mites administrativos, como as\u00ed tambi\u00e9n sobre normativas vigentes. dpto.alumnos@populorumjujuy.ar DEPARTAMENTO CERTIFICACIONES Y T\u00cdTULOS: Ubicaci\u00f3n: tercer piso En este departamento se gestionan t\u00edtulos de alumnos de Casa Central &#8230; <a title=\"Departamento Alumnos\" class=\"read-more\" href=\"https:\/\/ies7-juj.infd.edu.ar\/sitio\/departamento-alumnos\/\" aria-label=\"More on Departamento Alumnos\">[+]<\/a><\/p>\n","protected":false},"author":542,"featured_media":0,"parent":0,"menu_order":0,"comment_status":"closed","ping_status":"closed","template":"","meta":[],"acf":[],"_links":{"self":[{"href":"https:\/\/ies7-juj.infd.edu.ar\/sitio\/wp-json\/wp\/v2\/pages\/867"}],"collection":[{"href":"https:\/\/ies7-juj.infd.edu.ar\/sitio\/wp-json\/wp\/v2\/pages"}],"about":[{"href":"https:\/\/ies7-juj.infd.edu.ar\/sitio\/wp-json\/wp\/v2\/types\/page"}],"author":[{"embeddable":true,"href":"https:\/\/ies7-juj.infd.edu.ar\/sitio\/wp-json\/wp\/v2\/users\/542"}],"replies":[{"embeddable":true,"href":"https:\/\/ies7-juj.infd.edu.ar\/sitio\/wp-json\/wp\/v2\/comments?post=867"}],"version-history":[{"count":65,"href":"https:\/\/ies7-juj.infd.edu.ar\/sitio\/wp-json\/wp\/v2\/pages\/867\/revisions"}],"predecessor-version":[{"id":11231,"href":"https:\/\/ies7-juj.infd.edu.ar\/sitio\/wp-json\/wp\/v2\/pages\/867\/revisions\/11231"}],"wp:attachment":[{"href":"https:\/\/ies7-juj.infd.edu.ar\/sitio\/wp-json\/wp\/v2\/media?parent=867"}],"curies":[{"name":"wp","href":"https:\/\/api.w.org\/{rel}","templated":true}]}}